{"id":770,"date":"2021-06-21T10:37:48","date_gmt":"2021-06-21T07:37:48","guid":{"rendered":"https:\/\/skola.lapmezciems.lv\/pirmsskola\/?page_id=770"},"modified":"2026-03-24T12:59:06","modified_gmt":"2026-03-24T10:59:06","slug":"dienas-ritms","status":"publish","type":"page","link":"https:\/\/skola.lapmezciems.lv\/pirmsskola\/sakumlapa\/dienas-ritms\/","title":{"rendered":"Dienas ritms"},"content":{"rendered":"<p style=\"text-align: center;\"><strong>Lapme\u017eciema pamatskolas pirmsskolas izgl\u012bt\u012bbas iest\u0101des dienas re\u017e\u012bms 2025.\/2026.m.g.<\/strong><\/p>\n<p style=\"text-align: center;\"><strong>2-gadnieku grup\u0101<\/strong><\/p>\n<table style=\"width: 103.95%; height: 744px;\">\n<tbody>\n<tr style=\"height: 56px;\">\n<td style=\"height: 56px;\"><strong>Laiks<\/strong><\/td>\n<td style=\"height: 56px;\"><strong>Aktivit\u0101tes\u00a0<\/strong><\/td>\n<\/tr>\n<tr style=\"height: 96px;\">\n<td style=\"height: 96px;\" width=\"170\"><strong>\u00a0<\/strong><\/p>\n<p><strong>7:00 \u2013 8:30<\/strong><\/td>\n<td style=\"height: 96px;\" width=\"501\">B\u0113rnu sagaid\u012b\u0161ana, sarunas ar vec\u0101kiem, rota\u013cas, sp\u0113les, saskarsmes iema\u0146u att\u012bst\u012b\u0161ana, socializ\u0101cija, individu\u0101lais un apak\u0161grupu darbs, pa\u0161apkalpo\u0161an\u0101s prasmju att\u012bst\u012b\u0161ana, person\u012bg\u0101s higi\u0113nas prasmju pilnveido\u0161ana, r\u012bta vingro\u0161ana r\u012bta aplis.<\/td>\n<\/tr>\n<tr style=\"height: 96px;\">\n<td style=\"height: 96px;\" width=\"170\"><strong>\u00a0<\/strong><\/p>\n<p><strong>8:30 \u2013 9:00<\/strong><\/td>\n<td style=\"height: 96px;\" width=\"501\">Gatavo\u0161an\u0101s brokast\u012bm, brokastis, galda kult\u016bras prasmju att\u012bst\u012b\u0161ana. Sadz\u012bves iema\u0146u veido\u0161ana, kult\u016brhigi\u0113nisko normu iev\u0113ro\u0161ana.<\/td>\n<\/tr>\n<tr style=\"height: 208px;\">\n<td style=\"height: 208px;\" width=\"170\"><strong>\u00a0<\/strong><\/p>\n<p><strong>9:00 \u2013 11:30<\/strong><\/td>\n<td style=\"height: 208px;\" width=\"501\">R\u012bta aplis (dienas ritma, pl\u0101noto uzdevumu skaidrojums, t\u0113mas aktualiz\u0113\u0161ana).<\/p>\n<p>Integr\u0113t\u0101s rota\u013cnodarb\u012bbas telp\u0101s vai \u0101ra vid\u0113. Caurviju prasmju un zin\u0101\u0161anu veido\u0161ana da\u017e\u0101d\u0101s m\u0101c\u012bbu jom\u0101s.<\/p>\n<p>Gatavo\u0161an\u0101s pastaigai. Pastaiga (v\u0113rojumi, eksperimenti, priek\u0161statu nostiprin\u0101\u0161ana, sporta sp\u0113les, pamata kust\u012bbu nostiprin\u0101\u0161ana). Atgrie\u0161an\u0101s no pastaigas. Person\u012bg\u0101s higi\u0113nas prasmju att\u012bst\u012b\u0161ana un pilnveido\u0161ana.<\/td>\n<\/tr>\n<tr style=\"height: 120px;\">\n<td style=\"height: 120px;\" width=\"170\"><strong>\u00a0<\/strong><\/p>\n<p><strong>11:30 \u2013 12:20<\/strong><\/td>\n<td style=\"height: 120px;\" width=\"501\">Gatavo\u0161an\u0101s pusdien\u0101m, pusdienas. Galda kult\u016bras prasmju att\u012bst\u012b\u0161ana. Person\u012bg\u0101s higi\u0113nas prasmju att\u012bst\u012b\u0161ana un pilnveido\u0161ana.<\/p>\n<p>Gatavo\u0161an\u0101s dienas miegam.<\/td>\n<\/tr>\n<tr style=\"height: 24px;\">\n<td style=\"height: 24px;\" width=\"170\"><strong>12:20 \u2013 15:00<\/strong><\/td>\n<td style=\"height: 24px;\" width=\"501\">Dienas miegs.<\/td>\n<\/tr>\n<tr style=\"height: 48px;\">\n<td style=\"height: 48px;\" width=\"170\"><strong>15:00 \u2013 15:50<\/strong><\/td>\n<td style=\"height: 48px;\" width=\"501\">Cel\u0161an\u0101s, gatavo\u0161an\u0101s launagam, launags. Pa\u0161apkalpo\u0161an\u0101s prasmju att\u012bst\u012b\u0161ana, person\u012bg\u0101s higi\u0113nas prasmju att\u012bst\u012b\u0161ana un pilnveido\u0161ana, galda kult\u016bras prasmju att\u012bst\u012b\u0161ana.<\/td>\n<\/tr>\n<tr style=\"height: 96px;\">\n<td style=\"height: 96px;\" width=\"170\"><strong>\u00a0<\/strong><\/p>\n<p><strong>15:50 \u2013 18:45<\/strong><\/td>\n<td style=\"height: 96px;\" width=\"501\">Individu\u0101lais darbs .Att\u012bsto\u0161ie un izgl\u012btojo\u0161ie uzdevumi no pirmsskolas izgl\u012bt\u012bbas programmas atbilsto\u0161i b\u0113rnu att\u012bst\u012bbas l\u012bmenim. Rota\u013cas b\u0113rnud\u0101rza grup\u0101 un rota\u013cu laukum\u0101. Pulci\u0146i. Sarunas ar vec\u0101kiem, b\u0113rnu aizie\u0161ana m\u0101j\u0101s.<\/td>\n<\/tr>\n<\/tbody>\n<\/table>\n<p>&nbsp;<\/p>\n<p style=\"text-align: center;\"><strong>3-gadnieku grup\u0101<\/strong><\/p>\n<table style=\"width: 103.95%;\">\n<tbody>\n<tr style=\"height: 56px;\">\n<td style=\"height: 56px;\"><strong>Laiks<\/strong><\/td>\n<td style=\"height: 56px;\"><strong>Aktivit\u0101tes\u00a0<\/strong><\/td>\n<\/tr>\n<tr style=\"height: 96px;\">\n<td style=\"height: 96px;\" width=\"170\"><strong>\u00a0<\/strong><\/p>\n<p><strong>7:00 \u2013 8:30<\/strong><\/td>\n<td style=\"height: 96px;\" width=\"501\">B\u0113rnu sagaid\u012b\u0161ana, sarunas ar vec\u0101kiem, rota\u013cas, sp\u0113les, saskarsmes iema\u0146u att\u012bst\u012b\u0161ana, socializ\u0101cija, individu\u0101lais un apak\u0161grupu darbs, pa\u0161apkalpo\u0161an\u0101s prasmju att\u012bst\u012b\u0161ana, person\u012bg\u0101s higi\u0113nas prasmju pilnveido\u0161ana, r\u012bta vingro\u0161ana r\u012bta aplis.<\/td>\n<\/tr>\n<tr style=\"height: 96px;\">\n<td style=\"height: 96px;\" width=\"170\"><strong>\u00a0<\/strong><\/p>\n<p><strong>8:30 \u2013 9:00<\/strong><\/td>\n<td style=\"height: 96px;\" width=\"501\">Gatavo\u0161an\u0101s brokast\u012bm, brokastis, galda kult\u016bras prasmju att\u012bst\u012b\u0161ana. Sadz\u012bves iema\u0146u veido\u0161ana, kult\u016brhigi\u0113nisko normu iev\u0113ro\u0161ana.<\/td>\n<\/tr>\n<tr style=\"height: 208px;\">\n<td style=\"height: 208px;\" width=\"170\"><strong>\u00a0<\/strong><\/p>\n<p><strong>9:00 \u2013 11:50<\/strong><\/td>\n<td style=\"height: 208px;\" width=\"501\">R\u012bta aplis. (dienas ritma, pl\u0101noto uzdevumu skaidrojums, t\u0113mas aktualiz\u0113\u0161ana).<\/p>\n<p>Integr\u0113t\u0101s rota\u013cnodarb\u012bbas telp\u0101s vai \u0101ra vid\u0113. Caurviju prasmju un zin\u0101\u0161anu veido\u0161ana da\u017e\u0101d\u0101s m\u0101c\u012bbu jom\u0101s.<\/p>\n<p>Gatavo\u0161an\u0101s pastaigai. Pastaiga (v\u0113rojumi, eksperimenti, priek\u0161statu nostiprin\u0101\u0161ana, sporta sp\u0113les, pamata kust\u012bbu nostiprin\u0101\u0161ana). Atgrie\u0161an\u0101s no pastaigas. Person\u012bg\u0101s higi\u0113nas prasmju att\u012bst\u012b\u0161ana un pilnveido\u0161ana.<\/td>\n<\/tr>\n<tr style=\"height: 120px;\">\n<td style=\"height: 120px;\" width=\"170\"><strong>\u00a0<\/strong><\/p>\n<p><strong>11:50 \u2013 12:30<\/strong><\/td>\n<td style=\"height: 120px;\" width=\"501\">Gatavo\u0161an\u0101s pusdien\u0101m, pusdienas. Galda kult\u016bras prasmju att\u012bst\u012b\u0161ana. Person\u012bg\u0101s higi\u0113nas prasmju att\u012bst\u012b\u0161ana un pilnveido\u0161ana.<\/p>\n<p>Gatavo\u0161an\u0101s dienas miegam.<\/td>\n<\/tr>\n<tr style=\"height: 24px;\">\n<td style=\"height: 24px;\" width=\"170\"><strong>12:30 \u2013 15:00<\/strong><\/td>\n<td style=\"height: 24px;\" width=\"501\">Dienas miegs.<\/td>\n<\/tr>\n<tr style=\"height: 48px;\">\n<td style=\"height: 48px;\" width=\"170\"><strong>15:00 \u2013 15:50<\/strong><\/td>\n<td style=\"height: 48px;\" width=\"501\">Cel\u0161an\u0101s, gatavo\u0161an\u0101s launagam, launags. Pa\u0161apkalpo\u0161an\u0101s prasmju att\u012bst\u012b\u0161ana, person\u012bg\u0101s higi\u0113nas prasmju att\u012bst\u012b\u0161ana un pilnveido\u0161ana, galda kult\u016bras prasmju att\u012bst\u012b\u0161ana.<\/td>\n<\/tr>\n<tr style=\"height: 96px;\">\n<td style=\"height: 96px;\" width=\"170\"><strong>\u00a0<\/strong><\/p>\n<p><strong>15:50 \u2013 18:45<\/strong><\/td>\n<td style=\"height: 96px;\" width=\"501\">Individu\u0101lais darbs. Att\u012bsto\u0161ie un izgl\u012btojo\u0161ie uzdevumi no pirmsskolas izgl\u012bt\u012bbas programmas atbilsto\u0161i b\u0113rnu att\u012bst\u012bbas l\u012bmenim. Rota\u013cas b\u0113rnud\u0101rza grup\u0101 un rota\u013cu laukum\u0101. Pulci\u0146i. Sarunas ar vec\u0101kiem, b\u0113rnu aizie\u0161ana m\u0101j\u0101s.<\/td>\n<\/tr>\n<\/tbody>\n<\/table>\n<p style=\"text-align: center;\"><strong>4-gadnieku grup\u0101<\/strong><\/p>\n<table>\n<tbody>\n<tr>\n<td><strong data-start=\"290\" data-end=\"299\">Laiks<\/strong><\/td>\n<td><strong>Aktivit\u0101tes<\/strong><\/td>\n<\/tr>\n<tr>\n<td width=\"170\"><strong>\u00a0<\/strong><\/p>\n<p><strong>7:00 \u2013 8:30<\/strong><\/td>\n<td width=\"501\">B\u0113rnu sagaid\u012b\u0161ana, sarunas ar vec\u0101kiem, rota\u013cas, sp\u0113les, saskarsmes iema\u0146u att\u012bst\u012b\u0161ana, socializ\u0101cija, individu\u0101lais un apak\u0161grupu darbs, pa\u0161apkalpo\u0161an\u0101s prasmju att\u012bst\u012b\u0161ana, person\u012bg\u0101s higi\u0113nas prasmju pilnveido\u0161ana, r\u012bta vingro\u0161ana r\u012bta aplis.<\/td>\n<\/tr>\n<tr>\n<td width=\"170\"><strong>\u00a0<\/strong><\/p>\n<p><strong>8:30 \u2013 9:00<\/strong><\/td>\n<td width=\"501\">Gatavo\u0161an\u0101s brokast\u012bm, brokastis, galda kult\u016bras prasmju att\u012bst\u012b\u0161ana. Sadz\u012bves iema\u0146u veido\u0161ana, kult\u016brhigi\u0113nisko normu iev\u0113ro\u0161ana.<\/td>\n<\/tr>\n<tr>\n<td width=\"170\"><strong>\u00a0<\/strong><\/p>\n<p><strong>9:00 \u2013 12:00<\/strong><\/td>\n<td width=\"501\">R\u012bta aplis. (dienas ritma, pl\u0101noto uzdevumu skaidrojums, t\u0113mas aktualiz\u0113\u0161ana)<\/p>\n<p>Integr\u0113t\u0101s rota\u013cnodarb\u012bbas telp\u0101s vai \u0101ra vid\u0113. Caurviju prasmju un zin\u0101\u0161anu veido\u0161ana da\u017e\u0101d\u0101s m\u0101c\u012bbu jom\u0101s.<\/p>\n<p>Gatavo\u0161an\u0101s pastaigai. Pastaiga (v\u0113rojumi, eksperimenti, priek\u0161statu nostiprin\u0101\u0161ana, sporta sp\u0113les, pamata kust\u012bbu nostiprin\u0101\u0161ana). Atgrie\u0161an\u0101s no pastaigas. Person\u012bg\u0101s higi\u0113nas prasmju att\u012bst\u012b\u0161ana un pilnveido\u0161ana.<\/td>\n<\/tr>\n<tr>\n<td width=\"170\"><strong>\u00a0<\/strong><\/p>\n<p><strong>12:00 \u2013 12:40<\/strong><\/td>\n<td width=\"501\">Gatavo\u0161an\u0101s pusdien\u0101m, pusdienas. Galda kult\u016bras prasmju att\u012bst\u012b\u0161ana. Person\u012bg\u0101s higi\u0113nas prasmju att\u012bst\u012b\u0161ana un pilnveido\u0161ana.<\/p>\n<p>Gatavo\u0161an\u0101s dienas miegam.<\/td>\n<\/tr>\n<tr>\n<td width=\"170\"><strong>12:40 \u2013 15:00<\/strong><\/td>\n<td width=\"501\">Dienas miegs.<\/td>\n<\/tr>\n<tr>\n<td width=\"170\"><strong>15:00 \u2013 15:50<\/strong><\/td>\n<td width=\"501\">Cel\u0161an\u0101s, gatavo\u0161an\u0101s launagam, launags. Pa\u0161apkalpo\u0161an\u0101s prasmju att\u012bst\u012b\u0161ana, person\u012bg\u0101s higi\u0113nas prasmju att\u012bst\u012b\u0161ana un pilnveido\u0161ana, galda kult\u016bras prasmju att\u012bst\u012b\u0161ana.<\/td>\n<\/tr>\n<tr>\n<td width=\"170\"><strong>15:50 \u2013 18:45<\/strong><\/td>\n<td width=\"501\">Individu\u0101lais darbs. Att\u012bsto\u0161ie un izgl\u012btojo\u0161ie uzdevumi no pirmsskolas izgl\u012bt\u012bbas programmas atbilsto\u0161i b\u0113rnu att\u012bst\u012bbas l\u012bmenim. Rota\u013cas b\u0113rnud\u0101rza grup\u0101 un rota\u013cu laukum\u0101. Pulci\u0146i. Sarunas ar vec\u0101kiem, b\u0113rnu aizie\u0161ana m\u0101j\u0101s.<\/td>\n<\/tr>\n<\/tbody>\n<\/table>\n<p>&nbsp;<\/p>\n<p style=\"text-align: center;\"><strong>5-gadnieku grup\u0101<\/strong><\/p>\n<table>\n<tbody>\n<tr>\n<td><strong>Laiks<\/strong><\/td>\n<td><strong>Aktivit\u0101tes<\/strong><\/td>\n<\/tr>\n<tr>\n<td width=\"170\"><strong>\u00a0<\/strong><\/p>\n<p><strong>7:00 \u2013 8:30<\/strong><\/td>\n<td width=\"501\">B\u0113rnu sagaid\u012b\u0161ana, sarunas ar vec\u0101kiem, rota\u013cas, sp\u0113les, saskarsmes iema\u0146u att\u012bst\u012b\u0161ana, socializ\u0101cija, individu\u0101lais un apak\u0161grupu darbs, pa\u0161apkalpo\u0161an\u0101s prasmju att\u012bst\u012b\u0161ana, person\u012bg\u0101s higi\u0113nas prasmju pilnveido\u0161ana, r\u012bta vingro\u0161ana r\u012bta aplis.<\/td>\n<\/tr>\n<tr>\n<td width=\"170\"><strong>\u00a0<\/strong><\/p>\n<p><strong>8:30 \u2013 9:00<\/strong><\/td>\n<td width=\"501\">Gatavo\u0161an\u0101s brokast\u012bm, brokastis, galda kult\u016bras prasmju att\u012bst\u012b\u0161ana. Sadz\u012bves iema\u0146u veido\u0161ana, kult\u016brhigi\u0113nisko normu iev\u0113ro\u0161ana.<\/td>\n<\/tr>\n<tr>\n<td width=\"170\"><strong>\u00a0<\/strong><\/p>\n<p><strong>9:00 \u2013 12:20<\/strong><\/td>\n<td width=\"501\">R\u012bta aplis. (dienas ritma, pl\u0101noto uzdevumu skaidrojums, t\u0113mas aktualiz\u0113\u0161ana)<\/p>\n<p>Integr\u0113t\u0101s rota\u013cnodarb\u012bbas telp\u0101s vai \u0101ra vid\u0113. Caurviju prasmju un zin\u0101\u0161anu veido\u0161ana da\u017e\u0101d\u0101s m\u0101c\u012bbu jom\u0101s.<\/p>\n<p>Gatavo\u0161an\u0101s pastaigai. Pastaiga (v\u0113rojumi, eksperimenti, priek\u0161statu nostiprin\u0101\u0161ana, sporta sp\u0113les, pamata kust\u012bbu nostiprin\u0101\u0161ana). Atgrie\u0161an\u0101s no pastaigas. Person\u012bg\u0101s higi\u0113nas prasmju att\u012bst\u012b\u0161ana un pilnveido\u0161ana.<\/td>\n<\/tr>\n<tr>\n<td width=\"170\"><strong>\u00a0<\/strong><\/p>\n<p><strong>12:20 \u2013 12:50<\/strong><\/td>\n<td width=\"501\">Gatavo\u0161an\u0101s pusdien\u0101m, pusdienas. Galda kult\u016bras prasmju att\u012bst\u012b\u0161ana. Person\u012bg\u0101s higi\u0113nas prasmju att\u012bst\u012b\u0161ana un pilnveido\u0161ana.<\/p>\n<p>Gatavo\u0161an\u0101s dienas miegam.<\/td>\n<\/tr>\n<tr>\n<td width=\"170\"><strong>12:50 \u2013 15:00<\/strong><\/td>\n<td width=\"501\">Dienas miegs.<\/td>\n<\/tr>\n<tr>\n<td width=\"170\"><strong>15:00 \u2013 15:50<\/strong><\/td>\n<td width=\"501\">Cel\u0161an\u0101s, gatavo\u0161an\u0101s launagam, launags. Pa\u0161apkalpo\u0161an\u0101s prasmju att\u012bst\u012b\u0161ana, person\u012bg\u0101s higi\u0113nas prasmju att\u012bst\u012b\u0161ana un pilnveido\u0161ana, galda kult\u016bras prasmju att\u012bst\u012b\u0161ana.<\/td>\n<\/tr>\n<tr>\n<td width=\"170\"><strong>15:50 \u2013 18:45<\/strong><\/td>\n<td width=\"501\">Individu\u0101lais darbs. Att\u012bsto\u0161ie un izgl\u012btojo\u0161ie uzdevumi no pirmsskolas izgl\u012bt\u012bbas programmas atbilsto\u0161i b\u0113rnu att\u012bst\u012bbas l\u012bmenim. Rota\u013cas b\u0113rnud\u0101rza grup\u0101 un rota\u013cu laukum\u0101. Pulci\u0146i. Sarunas ar vec\u0101kiem, b\u0113rnu aizie\u0161ana m\u0101j\u0101s.<\/td>\n<\/tr>\n<\/tbody>\n<\/table>\n<p>&nbsp;<\/p>\n<p style=\"text-align: center;\"><strong>6-gadnieku grup\u0101<\/strong><\/p>\n<table width=\"1038\">\n<tbody>\n<tr>\n<td><strong>Laiks<\/strong><\/td>\n<td><strong>Aktivit\u0101tes<\/strong><\/td>\n<\/tr>\n<tr>\n<td width=\"170\"><strong>\u00a0<\/strong><\/p>\n<p><strong>7:00 \u2013 8:30<\/strong><\/td>\n<td width=\"501\">B\u0113rnu sagaid\u012b\u0161ana, sarunas ar vec\u0101kiem, rota\u013cas, sp\u0113les, saskarsmes iema\u0146u att\u012bst\u012b\u0161ana, socializ\u0101cija, individu\u0101lais un apak\u0161grupu darbs, pa\u0161apkalpo\u0161an\u0101s prasmju att\u012bst\u012b\u0161ana, person\u012bg\u0101s higi\u0113nas prasmju pilnveido\u0161ana, r\u012bta vingro\u0161ana r\u012bta aplis.<\/td>\n<\/tr>\n<tr>\n<td width=\"170\"><strong>\u00a0<\/strong><\/p>\n<p><strong>8:30 \u2013 9:00<\/strong><\/td>\n<td width=\"501\">Gatavo\u0161an\u0101s brokast\u012bm, brokastis, galda kult\u016bras prasmju att\u012bst\u012b\u0161ana. Sadz\u012bves iema\u0146u veido\u0161ana, kult\u016brhigi\u0113nisko normu iev\u0113ro\u0161ana.<\/td>\n<\/tr>\n<tr>\n<td width=\"170\"><strong>\u00a0<\/strong><\/p>\n<p><strong>9:00 \u2013 12:20<\/strong><\/td>\n<td width=\"501\">R\u012bta aplis. (dienas ritma, pl\u0101noto uzdevumu skaidrojums, t\u0113mas aktualiz\u0113\u0161ana)<\/p>\n<p>Integr\u0113t\u0101s rota\u013cnodarb\u012bbas telp\u0101s vai \u0101ra vid\u0113. Caurviju prasmju un zin\u0101\u0161anu veido\u0161ana da\u017e\u0101d\u0101s m\u0101c\u012bbu jom\u0101s.<\/p>\n<p>Gatavo\u0161an\u0101s pastaigai. Pastaiga (v\u0113rojumi, eksperimenti, priek\u0161statu nostiprin\u0101\u0161ana, sporta sp\u0113les, pamata kust\u012bbu nostiprin\u0101\u0161ana). Atgrie\u0161an\u0101s no pastaigas. Person\u012bg\u0101s higi\u0113nas prasmju att\u012bst\u012b\u0161ana un pilnveido\u0161ana.<\/td>\n<\/tr>\n<tr>\n<td width=\"170\"><strong>\u00a0<\/strong><\/p>\n<p><strong>12:20 \u2013 12:50<\/strong><\/td>\n<td width=\"501\">Gatavo\u0161an\u0101s pusdien\u0101m, pusdienas. Galda kult\u016bras prasmju att\u012bst\u012b\u0161ana. Person\u012bg\u0101s higi\u0113nas prasmju att\u012bst\u012b\u0161ana un pilnveido\u0161ana.<\/p>\n<p>Gatavo\u0161an\u0101s dienas miegam.<\/td>\n<\/tr>\n<tr>\n<td width=\"170\"><strong>12:50 \u2013 15:00<\/strong><\/td>\n<td width=\"501\">Dienas miegs.<\/td>\n<\/tr>\n<tr>\n<td width=\"170\"><strong>15:00 \u2013 15:50<\/strong><\/td>\n<td width=\"501\">Cel\u0161an\u0101s, gatavo\u0161an\u0101s launagam, launags. Pa\u0161apkalpo\u0161an\u0101s prasmju att\u012bst\u012b\u0161ana, person\u012bg\u0101s higi\u0113nas prasmju att\u012bst\u012b\u0161ana un pilnveido\u0161ana, galda kult\u016bras prasmju att\u012bst\u012b\u0161ana.<\/td>\n<\/tr>\n<tr>\n<td width=\"170\"><strong>15:50 \u2013 18:45<\/strong><\/td>\n<td width=\"501\">Individu\u0101lais darbs. Att\u012bsto\u0161ie un izgl\u012btojo\u0161ie uzdevumi no pirmsskolas izgl\u012bt\u012bbas programmas atbilsto\u0161i b\u0113rnu att\u012bst\u012bbas l\u012bmenim. Rota\u013cas b\u0113rnud\u0101rza grup\u0101 un rota\u013cu laukum\u0101. Pulci\u0146i. Sarunas ar vec\u0101kiem, b\u0113rnu aizie\u0161ana m\u0101j\u0101s.<\/td>\n<\/tr>\n<\/tbody>\n<\/table>\n<p>&nbsp;<\/p>\n","protected":false},"excerpt":{"rendered":"<p>Lapme\u017eciema pamatskolas pirmsskolas izgl\u012bt\u012bbas iest\u0101des dienas re\u017e\u012bms 2025.\/2026.m.g. 2-gadnieku grup\u0101 Laiks Aktivit\u0101tes\u00a0 \u00a0 7:00 \u2013 8:30 B\u0113rnu sagaid\u012b\u0161ana, sarunas ar vec\u0101kiem, rota\u013cas, sp\u0113les, saskarsmes iema\u0146u att\u012bst\u012b\u0161ana, socializ\u0101cija, individu\u0101lais un apak\u0161grupu darbs, pa\u0161apkalpo\u0161an\u0101s prasmju att\u012bst\u012b\u0161ana, person\u012bg\u0101s higi\u0113nas prasmju pilnveido\u0161ana, r\u012bta vingro\u0161ana r\u012bta aplis. \u00a0 8:30 \u2013 9:00 Gatavo\u0161an\u0101s brokast\u012bm, brokastis, galda kult\u016bras prasmju att\u012bst\u012b\u0161ana. Sadz\u012bves iema\u0146u [&hellip;]<\/p>\n","protected":false},"author":1,"featured_media":0,"parent":7,"menu_order":4,"comment_status":"closed","ping_status":"closed","template":"","meta":{"_acf_changed":false,"footnotes":""},"class_list":["post-770","page","type-page","status-publish","hentry"],"acf":[],"_links":{"self":[{"href":"https:\/\/skola.lapmezciems.lv\/pirmsskola\/wp-json\/wp\/v2\/pages\/770","targetHints":{"allow":["GET"]}}],"collection":[{"href":"https:\/\/skola.lapmezciems.lv\/pirmsskola\/wp-json\/wp\/v2\/pages"}],"about":[{"href":"https:\/\/skola.lapmezciems.lv\/pirmsskola\/wp-json\/wp\/v2\/types\/page"}],"author":[{"embeddable":true,"href":"https:\/\/skola.lapmezciems.lv\/pirmsskola\/wp-json\/wp\/v2\/users\/1"}],"replies":[{"embeddable":true,"href":"https:\/\/skola.lapmezciems.lv\/pirmsskola\/wp-json\/wp\/v2\/comments?post=770"}],"version-history":[{"count":9,"href":"https:\/\/skola.lapmezciems.lv\/pirmsskola\/wp-json\/wp\/v2\/pages\/770\/revisions"}],"predecessor-version":[{"id":2079,"href":"https:\/\/skola.lapmezciems.lv\/pirmsskola\/wp-json\/wp\/v2\/pages\/770\/revisions\/2079"}],"up":[{"embeddable":true,"href":"https:\/\/skola.lapmezciems.lv\/pirmsskola\/wp-json\/wp\/v2\/pages\/7"}],"wp:attachment":[{"href":"https:\/\/skola.lapmezciems.lv\/pirmsskola\/wp-json\/wp\/v2\/media?parent=770"}],"curies":[{"name":"wp","href":"https:\/\/api.w.org\/{rel}","templated":true}]}}